 833?
7, 17
List the prime factors of 1523.
1523
What are the prime factors of 1859?
11, 13
What are the prime factors of 150?
2, 3, 5
What are the prime factors of 647?
647
List the prime factors of 2014.
2, 19, 53
What are the prime factors of 13432?
2, 23, 73
What are the prime factors of 41514?
2, 3, 11, 17, 37
What are the prime factors of 41150?
2, 5, 823
What are the prime factors of 24733?
24733
What are the prime factors of 10558?
2, 5279
List the prime factors of 17485.
5, 13, 269
List the prime factors of 109512.
2, 3, 13
List the prime factors of 299.
13, 23
List the prime factors of 157855.
5, 131, 241
List the prime factors of 26338.
2, 13, 1013
What are the prime factors of 16295?
5, 3259
List the prime factors of 8331.
3, 2777
List the prime factors of 5281.
5281
List the prime factors of 757.
757
What are the prime factors of 3746?
2, 1873
What are the prime factors of 489?
3, 163
List the prime factors of 2754.
2, 3, 17
What are the prime factors of 953?
953
What are the prime factors of 206?
2, 103
List the prime factors of 26932.
2, 6733
List the prime factors of 6175.
5, 13, 19
List the prime factors of 1433.
1433
List the prime factors of 335.
5, 67
What are the prime factors of 14022?
2, 3, 19, 41
What are the prime factors of 70318?
2, 35159
What are the prime factors of 10894?
2, 13, 419
What are the prime factors of 5649?
3, 7, 269
What are the prime factors of 18085?
5, 3617
What are the prime factors of 11673?
3, 1297
List the prime factors of 2458.
2, 1229
What are the prime factors of 7581?
3, 7, 19
List the prime factors of 1081.
23, 47
List the prime factors of 1153.
1153
List the prime factors of 2154.
2, 3, 359
What are the prime factors of 2134?
2, 11, 97
What are the prime factors of 10584?
2, 3, 7
List the prime factors of 1091.
1091
What are the prime factors of 1758?
2, 3, 293
What are the prime factors of 134512?
2, 7, 1201
List the prime factors of 317.
317
What are the prime factors of 68320?
2, 5, 7, 61
What are the prime factors of 739?
739
List the prime factors of 1486.
2, 743
List the prime factors of 660.
2, 3, 5, 11
What are the prime factors of 129?
3, 43
What are the prime factors of 24595?
5, 4919
What are the prime factors of 553?
7, 79
What are the prime factors of 75993?
3, 73, 347
List the prime factors of 803.
11, 73
What are the prime factors of 943?
23, 41
What are the prime factors of 2389?
2389
List the prime factors of 75263.
73, 1031
What are the prime factors of 10685?
5, 2137
List the prime factors of 7321.
7321
What are the prime factors of 138078?
2, 3, 2557
What are the prime factors of 3340?
2, 5, 167
What are the prime factors of 5643?
3, 11, 19
List the prime factors of 734.
2, 367
What are the prime factors of 1858?
2, 929
List the prime factors of 3638.
2, 17, 107
List the prime factors of 1860.
2, 3, 5, 31
List the prime factors of 4007.
4007
What are the prime factors of 6287?
6287
List the prime factors of 69173.
13, 17, 313
What are the prime factors of 65176?
2, 8147
What are the prime factors of 1418?
2, 709
What are the prime factors of 215?
5, 43
What are the prime factors of 7948?
2, 1987
What are the prime factors of 814?
2, 11, 37
What are the prime factors of 6641?
29, 229
List the prime factors of 6941.
11, 631
What are the prime factors of 19596?
2, 3, 23, 71
What are the prime factors of 7163?
13, 19, 29
List the prime factors of 15061.
15061
What are the prime factors of 1237?
1237
What are the prime factors of 48814?
2, 24407
What are the prime factors of 4912?
2, 307
What are the prime factors of 1088?
2, 17
What are the prime factors of 808?
2, 101
What are the prime factors of 3223?
11, 293
What are the prime factors of 6608?
2, 7, 59
What are the prime factors of 1639?
11, 149
What are the prime factors of 9236?
2, 2309
What are the prime factors of 44077?
11, 4007
List the prime factors of 601.
601
What are the prime factors of 885?
3, 5, 59
What are the prime factors of 11104?
2, 347
What are the prime factors of 15997?
17, 941
What are the prime factors of 366?
2, 3, 61
What are the prime factors of 980?
2, 5, 7
What are the prime factors of 3178?
2, 7, 227
List the prime factors of 12378.
2, 3, 2063
List the prime factors of 180.
2, 3, 5
List the prime factors of 12903.
3, 11, 17, 23
What are the prime factors of 1830?
2, 3, 5, 61
What are the prime factors of 1242?
2, 3, 23
What are the prime factors of 2025?
3, 5
What are the prime factors of 1329?
3, 443
List the prime factors of 530.
2, 5, 53
List the prime factors of 571.
571
List the prime factors of 7892.
2, 1973
List the prime factors of 38533.
11, 31, 113
What are the prime factors of 1117?
1117
List the prime factors of 2604.
2, 3, 7, 31
List the prime factors of 59981.
59981
What are the prime factors of 6111?
3, 7, 97
What are the prime factors of 23775?
3, 5, 317
List the prime factors of 1740.
2, 3, 5, 29
List the prime factors of 54003.
3, 47, 383
What are the prime factors of 987?
3, 7, 47
List the prime factors of 1969.
11, 179
List the prime factors of 5335.
5, 11, 97
What are the prime factors of 3282?
2, 3, 547
What are the prime factors of 31240?
2, 5, 11, 71
What are the prime factors of 10344?
2, 3, 431
What are the prime factors of 3253?
3253
List the prime factors of 83111.
7, 31, 383
What are the prime factors of 20853?
3, 7, 331
List the prime factors of 4275.
3, 5, 19
List the prime factors of 3849.
3, 1283
What are the prime factors of 1420?
2, 5, 71
List the prime factors of 7828.
2, 19, 103
List the prime factors of 1551.
3, 11, 47
List the prime factors of 49023.
3, 13, 419
List the prime factors of 73755.
3, 5, 11, 149
What are the prime factors of 656?
2, 41
List the prime factors of 21500.
2, 5, 43
What are the prime factors of 3626?
2, 7, 37
List the prime factors of 1647.
3, 61
What are the prime factors of 11598?
2, 3, 1933
What are the prime factors of 2108?
2, 17, 31
What are the prime factors of 23486?
2, 11743
What are the prime factors of 29129?
29129
List the prime factors of 22514.
2, 11257
List the prime factors of 8646.
2, 3, 11, 131
What are the prime factors of 12666?
2, 3, 2111
List the prime factors of 40.
2, 5
What are the prime factors of 7662?
2, 3, 1277
What are the prime factors of 52761?
3, 43, 409
List the prime factors of 98396.
2, 17, 1447
What are the prime factors of 8571?
3, 2857
List the prime factors of 20784.
2, 3, 433
List the prime factors of 3673.
3673
List the prime factors of 598.
2, 13, 23
List the prime factors of 2731.
2731
List the prime factors of 433.
433
What are the prime factors of 8469?
3, 941
List the prime factors of 20653.
19, 1087
List the prime factors of 759.
3, 11, 23
List the prime factors of 37428.
2, 3, 3119
What are the prime factors of 3094?
2, 7, 13, 17
What are the prime factors of 68320?
2, 5, 7, 61
List the prime factors of 67.
67
List the prime factors of 23060.
2, 5, 1153
List the prime factors of 6447.
3, 7, 307
List the prime factors of 8959.
17, 31
What are the prime factors of 2634?
2, 3, 439
What are the prime factors of 1195?
5, 239
What are the prime factors of 4721?
4721
List the prime factors of 9598.
2, 4799
What are the prime factors of 351?
3, 13
List the prime factors of 135013.
37, 41, 89
What are the prime factors of 1783?
1783
What are the prime factors of 3374?
2, 7, 241
What are the prime factors of 4912?
2, 307
List the prime factors of 6264.
2, 3, 29
List the prime factors of 104551.
104551
What are the prime factors of 2530?
2, 5, 11, 23
What are the prime factors of 2222?
2, 11, 101
What are the prime factors of 45582?
2, 3, 71, 107
What are the prime factors of 14151?
3, 53, 89
List the prime factors of 4674.
2, 3, 19, 41
What are the prime factors of 103330?
2, 5, 10333
What are the prime factors of 3607?
3607
What are the prime factors of 34749?
3, 11, 13
What are the prime factors of 16862?
2, 8431
What are the prime factors of 31334?
2, 15667
What are the prime factors of 749?
7, 107
List the prime factors of 26670.
2, 3, 5, 7, 127
What are the prime factors of 107625?
3, 5, 7, 41
What are the prime factors of 40835?
5, 8167
List the prime factors of 1500.
2, 3, 5
What are the prime factors of 1114?
2, 557
What are the prime factors of 2899?
13, 223
What are the prime 